{"id":836,"date":"2025-09-27T11:46:57","date_gmt":"2025-09-27T14:46:57","guid":{"rendered":"https:\/\/www.cbioquimicod3.com.ar\/web\/?page_id=836"},"modified":"2025-11-05T09:44:22","modified_gmt":"2025-11-05T12:44:22","slug":"institucional","status":"publish","type":"page","link":"https:\/\/www.cbioquimicod3.com.ar\/web\/institucional\/","title":{"rendered":"Institucional"},"content":{"rendered":"\n<h3 class=\"wp-block-heading\">Quienes Somos<\/h3>\n\n\n\n<p>Los tiempos cambian, la ciencia avanza a pasos cada vez mas r\u00e1pidos, el avance tecnol\u00f3gico nos va marcando un camino interesante y algunas veces inalcanzable, los procesos y desarrollos inform\u00e1ticos nos pasan a velocidades dif\u00edciles de poder notificarnos, pero a pesar de ello, debe ser nuestro compromiso mantenernos informados, en conocimiento de lo que sucede alrededor nuestro y por supuesto de nuestra profesi\u00f3n, cada uno desde su lugar, desde sus posibilidades temporales , profesionales, familiares , deber\u00edamos buscar el horizonte futuro que nos asoma.<br><br>Tomando estas palabras desde nuestra profesi\u00f3n ,quiz\u00e1s algunos colegas est\u00e9n pensando, yo reci\u00e9n comienzo, como ser\u00e1 la cosa dentro de 10, 20 o 30 a\u00f1os, que especialidades ser\u00e1n las m\u00e1s fruct\u00edferas, como, donde y de qu\u00e9 manera deber\u00eda desarrollar mi laboratorio ,hacia donde deber\u00eda orientarme para poder llegar con \u00e9xito a ese momento?. Complejo pero muy interesante desaf\u00edo.<br><br>Quiz\u00e1s aquellos que ya han transcurrido varios a\u00f1os en esta digna y honrrosa actividad hoy estemos pensando m\u00e1s en el d\u00eda a d\u00eda, en como continuar, en que cambios realizar, en mantenernos actualizados en conocimientos cient\u00edficos, tecnol\u00f3gicos, gremiales y de todas aquellas actividades que interrelacionan directamente con la nuestra, siempre en pos del desarrollo personal y el de la salud de nuestra poblaci\u00f3n. Algunos con m\u00e1s energ\u00eda, otros algo mas cansados por los a\u00f1os de esfuerzos, pero creo que todos con la firme voluntad de continuar en el camino de alcanzar nuestros objetivos.<br><br>Estimados colegas sepan todos ustedes, que siempre podr\u00e1n contar con su Instituci\u00f3n, el Circulo Bioqu\u00edmico Distrito III, como un colaborador, un gu\u00eda, un referente, un punto de apoyo y consulta, para poder realizar aquellas acciones que les permitan transitar la senda, que a veces sinuosa o cuesta arriba o tambi\u00e9n otras tantas m\u00e1s simple y ligera, los lleve a la meta por ustedes proyectada y deseada.<\/p>\n\n\n\n<p>Dr. Gustavo Prado<\/p>\n\n\n\n<h3 class=\"wp-block-heading\">Historia<\/h3>\n\n\n\n<p>El C\u00edrculo naci\u00f3 a mediados de la d\u00e9cada del 50 frente a la necesidad de organizaci\u00f3n de alg\u00fan tipo de estructura asociativa que respondiera a los acontecimientos del momento. Un grupo de pioneros entre los que se encontraban Armando Milano, Isaac Slemenson, Alberto Bonet y Ar\u00edstides Riviello Mora, decidieron enlazar coincidencias y organizaron las bases de un proyecto que hoy contin\u00faa vigente.<\/p>\n\n\n\n<p>Los primeros logros estuvieron relacionados con la celebraci\u00f3n de convenios prestacionales con las llamadas mutuales y algunas empresas de la zona, y a ra\u00edz de \u00e9sto se establecieron las primeras pautas de atenci\u00f3n a pacientes y fijaci\u00f3n de honorarios m\u00ednimos, surgiendo adem\u00e1s las normas iniciales del control de la \u00e9tica profesional.<\/p>\n\n\n\n<p>La tendencia asociativa se daba adem\u00e1s en otras ramas de la salud y tambi\u00e9n agrupaciones de bioqu\u00edmicos similares a la nuestra nac\u00edan en otros \u00e1mbitos de la Provincia, esto permiti\u00f3 la creaci\u00f3n de la actual Federaci\u00f3n Bioqu\u00edmica de la Pcia. de Bs.As. a trav\u00e9s de la cual comienzan a firmarse convenios colectivos para todo el \u00e1mbito provincial.<\/p>\n\n\n\n<p>A fines de los a\u00f1os 60, mediante la Ley 18.610 se crean las Obras Sociales, con aportes obligatorios de trabajadores y empleadores, y es este hecho el que le da un impulso definitivo a la Instituci\u00f3n ya que surgen importantes contratos colectivos con estas nuevas estructuras que reemplazan a las mutuales y sindicatos.<\/p>\n\n\n\n<p>Paralelamente al desarrollo de las actividades descriptas, el crecimiento del C\u00edrculo se expandi\u00f3 hacia otras \u00e1reas entre la que siempre se destac\u00f3 la de los servicios prestados a sus asociados, y en ese aspecto cabe mencionar el de la Proveedur\u00eda de insumos para laboratorio y la organizaci\u00f3n de Cursos y Conferencias Cient\u00edficas de reconocido nivel acad\u00e9mico.<\/p>\n\n\n\n<p>Durante a\u00f1os, la vida institucional se desarroll\u00f3 rigi\u00e9ndose de hecho, por Estatutos en cuya redacci\u00f3n se plasmaron los objetivos principales y los medios para lograrlos, todos ellos convergentes en el progreso profesional, cient\u00edfico y econ\u00f3mico de sus asociados. Estos mismos estatutos fueron reconocidos en 1991, cuando finalmente el C\u00edrculo obtuvo su Personer\u00eda Jur\u00eddica, y con las adecuaciones a las que obligaron los profundos cambios que se produjeron desde la situaci\u00f3n socioecon\u00f3mica de los inicios, en esencia se conserva hasta la fecha el id\u00e9ntico prop\u00f3sito inicial.<\/p>\n\n\n\n<h3 class=\"wp-block-heading\">Valores<\/h3>\n\n\n\n<p>Honestidad<\/p>\n\n\n\n<p>Compromiso<\/p>\n\n\n\n<p>Responsabilidad<\/p>\n\n\n\n<p>Participaci\u00f3n<\/p>\n\n\n\n<p>Capacidad de trabajo en equipo<\/p>\n\n\n\n<p>Pertenencia institucional<\/p>\n\n\n\n<p>Austeridad en el uso de los recursos<\/p>\n\n\n\n<p>Autonom\u00eda en la aplicaci\u00f3n de criterios institucionales<\/p>\n\n\n\n<p>Capacidad de innovaci\u00f3n<\/p>\n\n\n\n<p>Eficiencia<\/p>\n\n\n\n<h3 class=\"wp-block-heading\">Misi\u00f3n<\/h3>\n\n\n\n<p><br>Conformar una asociaci\u00f3n de profesionales capaz de satisfacer inquietudes y necesidades comunes derivadas del ejercicio de la actividad bioqu\u00edmica en el \u00e1mbito del laboratorio privado.<\/p>\n\n\n\n<h3 class=\"wp-block-heading\">Visi\u00f3n<\/h3>\n\n\n\n<p><br>Actuar como una organizaci\u00f3n que informe a sus asociados acerca de sus derechos y obligaciones como profesionales de la salud. Brindarles en forma efectiva servicios necesarios para lograr la mejora continua de la calidad en el desempe\u00f1o de sus tareas. Colaborar a trav\u00e9s de actividades educativas y humanitarias con la sociedad en la que est\u00e1 inserta.<\/p>\n\n\n\n<h3 class=\"wp-block-heading\">Autoridades<\/h3>\n\n\n\n<figure class=\"wp-block-table is-style-stripes\"><table class=\"has-fixed-layout\"><thead><tr><th>CARGO<\/th><th>PROFESIONAL<\/th><\/tr><\/thead><tbody><tr><td>Presidente<\/td><td>Dr. Prado Gustavo<\/td><\/tr><tr><td>Vicepresidente<\/td><td>Dr. Canala Marcelo<\/td><\/tr><tr><td>Secretario<\/td><td>Dr. Iglesias Alfredo<\/td><\/tr><tr><td>Prosecretario<\/td><td>Dra. Carelle Susana<\/td><\/tr><tr><td>Tesorero<\/td><td>Dr. Touri\u00f1an Oscar <\/td><\/tr><tr><td>Protesorero<\/td><td>Dr. Norberto Miguel Sandkovsky<\/td><\/tr><tr><td>Vocales Titulares<\/td><td>Dra. Zarini Paula<br>Dra. Mart\u00edn Paula<br>Dra. Alonso Nidia<br>Dr. Petrovski Daniel<\/td><\/tr><tr><td>Vocales Suplentes<\/td><td>Dr. Biagioni Miguel<br>Dra. Angeleri Anabela<\/td><\/tr><tr><td>Comisi\u00f3n Revisora de Cuentas Titular<\/td><td>Dr. Lanatti Pablo<br>Dr. Raimondo Alejandro<br>Dr. Sielas Alejandro<\/td><\/tr><tr><td>Comisi\u00f3n Revisora de Cuentas Suplente<\/td><td>Dra. Echeverria Lucia<\/td><\/tr><tr><td>Tribunal de Disciplina Titular<\/td><td>Dr. Garc\u00eda Luis<br>Dra. Pasini Ver\u00f3nica<br>Dra. Spalvieri M\u00f3nica<\/td><\/tr><tr><td>Tribunal de Disciplina Suplente<\/td><td>Dr. Chacra Emilio<\/td><\/tr><\/tbody><\/table><\/figure>\n\n\n\n<p>Contamos con asesor\u00eda letrada de la Dra Mercedes Garay y asesor\u00eda contable a cargo de la Contadora Laura Simionatto<\/p>\n\n\n\n<p><\/p>\n","protected":false},"excerpt":{"rendered":"<p>Quienes Somos Los tiempos cambian, la ciencia avanza a pasos cada vez mas r\u00e1pidos, el avance tecnol\u00f3gico nos va marcando un camino interesante y algunas veces inalcanzable, los procesos y desarrollos inform\u00e1ticos nos pasan a velocidades dif\u00edciles de poder notificarnos, pero a pesar de ello, debe ser nuestro compromiso mantenernos informados, en conocimiento de lo [&hellip;]<\/p>\n","protected":false},"author":1,"featured_media":0,"parent":0,"menu_order":0,"comment_status":"closed","ping_status":"closed","template":"","meta":{"inline_featured_image":false,"_joinchat":[],"footnotes":""},"class_list":["post-836","page","type-page","status-publish","hentry"],"_links":{"self":[{"href":"https:\/\/www.cbioquimicod3.com.ar\/web\/wp-json\/wp\/v2\/pages\/836","targetHints":{"allow":["GET"]}}],"collection":[{"href":"https:\/\/www.cbioquimicod3.com.ar\/web\/wp-json\/wp\/v2\/pages"}],"about":[{"href":"https:\/\/www.cbioquimicod3.com.ar\/web\/wp-json\/wp\/v2\/types\/page"}],"author":[{"embeddable":true,"href":"https:\/\/www.cbioquimicod3.com.ar\/web\/wp-json\/wp\/v2\/users\/1"}],"replies":[{"embeddable":true,"href":"https:\/\/www.cbioquimicod3.com.ar\/web\/wp-json\/wp\/v2\/comments?post=836"}],"version-history":[{"count":9,"href":"https:\/\/www.cbioquimicod3.com.ar\/web\/wp-json\/wp\/v2\/pages\/836\/revisions"}],"predecessor-version":[{"id":1129,"href":"https:\/\/www.cbioquimicod3.com.ar\/web\/wp-json\/wp\/v2\/pages\/836\/revisions\/1129"}],"wp:attachment":[{"href":"https:\/\/www.cbioquimicod3.com.ar\/web\/wp-json\/wp\/v2\/media?parent=836"}],"curies":[{"name":"wp","href":"https:\/\/api.w.org\/{rel}","templated":true}]}}